{"id":1190,"date":"2021-01-23T23:29:03","date_gmt":"2021-01-23T22:29:03","guid":{"rendered":"http:\/\/www.theatermoment.at\/wordpress\/?page_id=1190"},"modified":"2021-01-23T23:35:30","modified_gmt":"2021-01-23T22:35:30","slug":"unsere-kunstlerischen-partner","status":"publish","type":"page","link":"https:\/\/www.theatermoment.at\/wordpress\/unsere-kunstlerischen-partner\/","title":{"rendered":"Unsere k\u00fcnstlerischen Partner"},"content":{"rendered":"\n<div style=\"height:20px\" aria-hidden=\"true\" class=\"wp-block-spacer\"><\/div>\n\n\n\n<div class=\"wp-block-columns is-layout-flex wp-container-core-columns-is-layout-9d6595d7 wp-block-columns-is-layout-flex\">\n<div class=\"wp-block-column is-layout-flow wp-block-column-is-layout-flow\">\n<p class=\"has-text-align-center\"><strong>Annika Pilstl<\/strong><br>Regie, Figurenspiel, Referentent\u00e4tigkeit<br><a rel=\"noreferrer noopener\" href=\"https:\/\/die-exen.de\/\" target=\"_blank\">www.die-exen.de<\/a><\/p>\n\n\n\n<hr class=\"wp-block-separator\"\/>\n\n\n\n<p class=\"has-text-align-center\"><strong>Christoph Bochdansky<\/strong><br>Regie, Figurenspiel, Figurenbau, Referentent\u00e4tigkeit<br><a rel=\"noreferrer noopener\" href=\"https:\/\/www.bochdansky.at\/\" target=\"_blank\">www.bochdansky.at<\/a><\/p>\n\n\n\n<hr class=\"wp-block-separator\"\/>\n\n\n\n<p class=\"has-text-align-center\"><strong>Gerti Tr\u00f6binger<\/strong><br>Regie, Figurenspiel, Figurenbau, Referentent\u00e4tigkeit<br><a rel=\"noreferrer noopener\" href=\"https:\/\/www.theater-troebinger.at\/\" target=\"_blank\">www.theater-troebinger.at<\/a><\/p>\n\n\n\n<hr class=\"wp-block-separator\"\/>\n<\/div>\n\n\n\n<div class=\"wp-block-column is-layout-flow wp-block-column-is-layout-flow\">\n<p class=\"has-text-align-center\"><strong>Kuddelmuddel<\/strong><br>Kinderkulturzentrum in Linz<br><a rel=\"noreferrer noopener\" href=\"http:\/\/www.kuddelmuddel.at\/\" target=\"_blank\">www.kuddelmuddel.at<\/a><\/p>\n\n\n\n<hr class=\"wp-block-separator\"\/>\n\n\n\n<p class=\"has-text-align-center\"><strong>Maria D\u00fcrrhammer<\/strong><br>Regie, Figurenspiel, M\u00e4rchenerz\u00e4hlerin, Referentent\u00e4tigkeit<br><a rel=\"noreferrer noopener\" href=\"https:\/\/www.duerrhammerjm.at\/\" target=\"_blank\">www.duerrhammerjm.at<\/a><\/p>\n\n\n\n<hr class=\"wp-block-separator\"\/>\n\n\n\n<p class=\"has-text-align-center\"><strong>Reinhard Winkler<\/strong><br>Fotograf<br><a rel=\"noreferrer noopener\" href=\"https:\/\/reinhardwinkler.at\/\" target=\"_blank\">www.reinhardwinkler.at<\/a><\/p>\n\n\n\n<hr class=\"wp-block-separator\"\/>\n<\/div>\n\n\n\n<div class=\"wp-block-column is-layout-flow wp-block-column-is-layout-flow\">\n<p class=\"has-text-align-center\"><strong>Theater Babelart<\/strong><br>sind Manfredi Siragusa und Andra Taglinger<br>(Regie, Figurenspiel, Musik, Referentent\u00e4tigkeit)<br> <a rel=\"noreferrer noopener\" href=\"https:\/\/www.babelart.at\/\" target=\"_blank\">www.babelart.at<\/a><\/p>\n\n\n\n<hr class=\"wp-block-separator\"\/>\n\n\n\n<p class=\"has-text-align-center\"><strong>Theater Gundberg<\/strong><br>sind Natascha Gundacker und Joachim Berger <br>(Autor, Regie, Figurenspiel, Figurenbau, Musik)<br><a rel=\"noreferrer noopener\" href=\"http:\/\/www.gundberg.at\/\" target=\"_blank\">www.gundberg.at<\/a><\/p>\n\n\n\n<hr class=\"wp-block-separator\"\/>\n\n\n\n<p class=\"has-text-align-center\"><strong>Verein DENK:SPIEL<\/strong><br>Entwicklung und Produktion von kritischem Kinder- und Jugendtheater, Linz<br><a rel=\"noreferrer noopener\" href=\"https:\/\/www.denk-spiel.at\/\" target=\"_blank\">www.denk-spiel.at<\/a><\/p>\n\n\n\n<hr class=\"wp-block-separator\"\/>\n<\/div>\n<\/div>\n\n\n\n<p><\/p>\n","protected":false},"excerpt":{"rendered":"<p>Annika PilstlRegie, Figurenspiel, Referentent\u00e4tigkeitwww.die-exen.de Christoph BochdanskyRegie, Figurenspiel, Figurenbau, Referentent\u00e4tigkeitwww.bochdansky.at Gerti Tr\u00f6bingerRegie, Figurenspiel, Figurenbau, Referentent\u00e4tigkeitwww.theater-troebinger.at KuddelmuddelKinderkulturzentrum in Linzwww.kuddelmuddel.at Maria D\u00fcrrhammerRegie, Figurenspiel, M\u00e4rchenerz\u00e4hlerin, Referentent\u00e4tigkeitwww.duerrhammerjm.at Reinhard WinklerFotografwww.reinhardwinkler.at Theater Babelartsind Manfredi Siragusa und Andra&hellip;&nbsp;<a href=\"https:\/\/www.theatermoment.at\/wordpress\/unsere-kunstlerischen-partner\/\" rel=\"bookmark\">Weiterlesen &raquo;<span class=\"screen-reader-text\">Unsere k\u00fcnstlerischen Partner<\/span><\/a><\/p>\n","protected":false},"author":2,"featured_media":0,"parent":0,"menu_order":0,"comment_status":"closed","ping_status":"closed","template":"","meta":{"neve_meta_sidebar":"full-width","neve_meta_container":"","neve_meta_enable_content_width":"on","neve_meta_content_width":75,"neve_meta_title_alignment":"","neve_meta_author_avatar":"","neve_post_elements_order":"","neve_meta_disable_header":"","neve_meta_disable_footer":"","neve_meta_disable_title":"","footnotes":""},"class_list":["post-1190","page","type-page","status-publish","hentry"],"_links":{"self":[{"href":"https:\/\/www.theatermoment.at\/wordpress\/wp-json\/wp\/v2\/pages\/1190","targetHints":{"allow":["GET"]}}],"collection":[{"href":"https:\/\/www.theatermoment.at\/wordpress\/wp-json\/wp\/v2\/pages"}],"about":[{"href":"https:\/\/www.theatermoment.at\/wordpress\/wp-json\/wp\/v2\/types\/page"}],"author":[{"embeddable":true,"href":"https:\/\/www.theatermoment.at\/wordpress\/wp-json\/wp\/v2\/users\/2"}],"replies":[{"embeddable":true,"href":"https:\/\/www.theatermoment.at\/wordpress\/wp-json\/wp\/v2\/comments?post=1190"}],"version-history":[{"count":6,"href":"https:\/\/www.theatermoment.at\/wordpress\/wp-json\/wp\/v2\/pages\/1190\/revisions"}],"predecessor-version":[{"id":1196,"href":"https:\/\/www.theatermoment.at\/wordpress\/wp-json\/wp\/v2\/pages\/1190\/revisions\/1196"}],"wp:attachment":[{"href":"https:\/\/www.theatermoment.at\/wordpress\/wp-json\/wp\/v2\/media?parent=1190"}],"curies":[{"name":"wp","href":"https:\/\/api.w.org\/{rel}","templated":true}]}}