{"id":607,"date":"2020-12-15T13:46:40","date_gmt":"2020-12-15T12:46:40","guid":{"rendered":"http:\/\/www.theatermoment.at\/wordpress\/?page_id=607"},"modified":"2021-01-18T18:31:29","modified_gmt":"2021-01-18T17:31:29","slug":"der-gestiefelte-kater","status":"publish","type":"page","link":"https:\/\/www.theatermoment.at\/wordpress\/der-gestiefelte-kater\/","title":{"rendered":"Der gestiefelte Kater"},"content":{"rendered":"\n<figure class=\"wp-block-image alignwide size-large\"><img loading=\"lazy\" decoding=\"async\" width=\"1024\" height=\"555\" src=\"http:\/\/www.theatermoment.at\/wordpress\/wp-content\/uploads\/2020\/12\/bilder_2400x1300_26-1024x555.jpg\" alt=\"\" class=\"wp-image-624\" srcset=\"https:\/\/www.theatermoment.at\/wordpress\/wp-content\/uploads\/2020\/12\/bilder_2400x1300_26-1024x555.jpg 1024w, https:\/\/www.theatermoment.at\/wordpress\/wp-content\/uploads\/2020\/12\/bilder_2400x1300_26-300x163.jpg 300w, https:\/\/www.theatermoment.at\/wordpress\/wp-content\/uploads\/2020\/12\/bilder_2400x1300_26-768x416.jpg 768w, https:\/\/www.theatermoment.at\/wordpress\/wp-content\/uploads\/2020\/12\/bilder_2400x1300_26-1536x832.jpg 1536w, https:\/\/www.theatermoment.at\/wordpress\/wp-content\/uploads\/2020\/12\/bilder_2400x1300_26-2048x1109.jpg 2048w\" sizes=\"auto, (max-width: 1024px) 100vw, 1024px\" \/><\/figure>\n\n\n\n<div class=\"wp-block-columns is-layout-flex wp-container-core-columns-is-layout-9d6595d7 wp-block-columns-is-layout-flex\">\n<div class=\"wp-block-column is-layout-flow wp-block-column-is-layout-flow\" style=\"flex-basis:66.66%\">\n<h2 class=\"wp-block-heading\">Inhalt<\/h2>\n\n\n\n<p>Der gestiefelte Kater &#8230; oder ein paar Tricks muss man einfach draufhaben.<\/p>\n\n\n\n<p>Zwei windige Gestalten namens \u201eTipps und Tricks\u201c ziehen durch die Lande. Sie sind sozusagen Wanderprediger des trickreichen Lebens. Wann und wo sie erscheinen, ist ungewiss. Sie sind \u2013 einfach mal da. <\/p>\n\n\n\n<p>Ihr Vorbild und Berater, ist der gestiefelte Kater. Er ist den anderen immer einen Schritt voraus, denn er hat fr\u00fch gelernt, wie man seine Haut rettet. Es sollten ja ein Paar Handschuhe aus ihm gemacht werden, also nahm er sein Leben selbst in die Hand. Pfiffig und trickreich bringt er seinen Freund und Begleiter, den M\u00fcllersohn hurtig voran, bis in die h\u00f6chsten Kreise. Wo bleibt denn da die Ehrlichkeit?<\/p>\n\n\n\n<p>Das M\u00e4rchen aus der Sammlung der Br\u00fcder Grimm gibt uns da keine genaue Antwort, wir nehmen mal an, das Motto hei\u00dft: Schlau sein ist gut, aber sei ehrlich zu dir selbst und allen anderen.<\/p>\n\n\n\n<hr class=\"wp-block-separator is-style-wide\"\/>\n\n\n\n<div class=\"wp-block-buttons is-layout-flex wp-block-buttons-is-layout-flex\">\n<div class=\"wp-block-button\"><a class=\"wp-block-button__link\" href=\"http:\/\/www.theatermoment.at\/wordpress\/spielplan\/\">Spielplan<\/a><\/div>\n\n\n\n<div class=\"wp-block-button is-style-secondary\"><a class=\"wp-block-button__link\" href=\"http:\/\/www.theatermoment.at\/wordpress\/stuecke\/\">alle st\u00fccke<\/a><\/div>\n<\/div>\n\n\n\n<hr class=\"wp-block-separator is-style-wide\"\/>\n<\/div>\n\n\n\n<div class=\"wp-block-column is-layout-flow wp-block-column-is-layout-flow\" style=\"flex-basis:33.33%\">\n<h2 class=\"wp-block-heading\">Info<\/h2>\n\n\n\n<p><strong>Alter:<\/strong> ab 5 Jahren<br><strong>Buch:<\/strong> nach dem M\u00e4rchen der Gebr\u00fcder Grimm<\/p>\n\n\n\n<p><strong>Spiel:<\/strong>\u00a0Ruth Humer, Christoph Bochdansky<br><strong>Spielberatung:<\/strong>\u00a0Manfredi Siragusa<br><strong>Figurenbau und Ausstattung:<\/strong>\u00a0Christoph Bochdansky<br><strong>Dauer:<\/strong>\u00a050 Minuten<\/p>\n\n\n\n<div class=\"su-spoiler su-spoiler-style-default su-spoiler-icon-plus su-spoiler-closed\" data-scroll-offset=\"0\" data-anchor-in-url=\"no\"><div class=\"su-spoiler-title\" tabindex=\"0\" role=\"button\"><span class=\"su-spoiler-icon\"><\/span>F\u00fcr Veranstalter<\/div><div class=\"su-spoiler-content su-u-clearfix su-u-trim\"><br>Kontakt:<br><strong>Christoph Bochdansky <\/strong><br><a href=\"mailto:ch@bochdansky.at\">ch@bochdansky.at<\/a> <br>Mobil +43 699 125 636 65 <br>www.bochdansky.at <br><\/div><\/div>\n<\/div>\n<\/div>\n\n\n\n<div class=\"wp-block-columns alignwide is-layout-flex wp-container-core-columns-is-layout-9d6595d7 wp-block-columns-is-layout-flex\">\n<div class=\"wp-block-column is-layout-flow wp-block-column-is-layout-flow\">\n<figure class=\"wp-block-image size-large\"><img loading=\"lazy\" decoding=\"async\" width=\"800\" height=\"600\" src=\"http:\/\/www.theatermoment.at\/wordpress\/wp-content\/uploads\/2020\/12\/bild_800x600_42.jpg\" alt=\"\" class=\"wp-image-625\" srcset=\"https:\/\/www.theatermoment.at\/wordpress\/wp-content\/uploads\/2020\/12\/bild_800x600_42.jpg 800w, https:\/\/www.theatermoment.at\/wordpress\/wp-content\/uploads\/2020\/12\/bild_800x600_42-300x225.jpg 300w, https:\/\/www.theatermoment.at\/wordpress\/wp-content\/uploads\/2020\/12\/bild_800x600_42-768x576.jpg 768w\" sizes=\"auto, (max-width: 800px) 100vw, 800px\" \/><\/figure>\n<\/div>\n\n\n\n<div class=\"wp-block-column is-layout-flow wp-block-column-is-layout-flow\">\n<figure class=\"wp-block-image size-large\"><img loading=\"lazy\" decoding=\"async\" width=\"800\" height=\"600\" src=\"http:\/\/www.theatermoment.at\/wordpress\/wp-content\/uploads\/2020\/12\/bild_800x600_40.jpg\" alt=\"\" class=\"wp-image-626\" srcset=\"https:\/\/www.theatermoment.at\/wordpress\/wp-content\/uploads\/2020\/12\/bild_800x600_40.jpg 800w, https:\/\/www.theatermoment.at\/wordpress\/wp-content\/uploads\/2020\/12\/bild_800x600_40-300x225.jpg 300w, https:\/\/www.theatermoment.at\/wordpress\/wp-content\/uploads\/2020\/12\/bild_800x600_40-768x576.jpg 768w\" sizes=\"auto, (max-width: 800px) 100vw, 800px\" \/><\/figure>\n<\/div>\n<\/div>\n\n\n\n<div class=\"wp-block-buttons is-layout-flex wp-block-buttons-is-layout-flex\">\n<div class=\"wp-block-button\"><a class=\"wp-block-button__link\" href=\"http:\/\/www.theatermoment.at\/wordpress\/stuecke\/\">Alle st\u00fccke<\/a><\/div>\n<\/div>\n\n\n\n<p><\/p>\n","protected":false},"excerpt":{"rendered":"<p>Inhalt Der gestiefelte Kater &#8230; oder ein paar Tricks muss man einfach draufhaben. Zwei windige Gestalten namens \u201eTipps und Tricks\u201c ziehen durch die Lande. Sie sind sozusagen Wanderprediger des trickreichen&hellip;&nbsp;<a href=\"https:\/\/www.theatermoment.at\/wordpress\/der-gestiefelte-kater\/\" rel=\"bookmark\">Weiterlesen &raquo;<span class=\"screen-reader-text\">Der gestiefelte Kater<\/span><\/a><\/p>\n","protected":false},"author":2,"featured_media":0,"parent":0,"menu_order":0,"comment_status":"closed","ping_status":"closed","template":"","meta":{"neve_meta_sidebar":"full-width","neve_meta_container":"","neve_meta_enable_content_width":"on","neve_meta_content_width":100,"neve_meta_title_alignment":"","neve_meta_author_avatar":"","neve_post_elements_order":"","neve_meta_disable_header":"","neve_meta_disable_footer":"","neve_meta_disable_title":"","footnotes":""},"class_list":["post-607","page","type-page","status-publish","hentry"],"_links":{"self":[{"href":"https:\/\/www.theatermoment.at\/wordpress\/wp-json\/wp\/v2\/pages\/607","targetHints":{"allow":["GET"]}}],"collection":[{"href":"https:\/\/www.theatermoment.at\/wordpress\/wp-json\/wp\/v2\/pages"}],"about":[{"href":"https:\/\/www.theatermoment.at\/wordpress\/wp-json\/wp\/v2\/types\/page"}],"author":[{"embeddable":true,"href":"https:\/\/www.theatermoment.at\/wordpress\/wp-json\/wp\/v2\/users\/2"}],"replies":[{"embeddable":true,"href":"https:\/\/www.theatermoment.at\/wordpress\/wp-json\/wp\/v2\/comments?post=607"}],"version-history":[{"count":29,"href":"https:\/\/www.theatermoment.at\/wordpress\/wp-json\/wp\/v2\/pages\/607\/revisions"}],"predecessor-version":[{"id":1091,"href":"https:\/\/www.theatermoment.at\/wordpress\/wp-json\/wp\/v2\/pages\/607\/revisions\/1091"}],"wp:attachment":[{"href":"https:\/\/www.theatermoment.at\/wordpress\/wp-json\/wp\/v2\/media?parent=607"}],"curies":[{"name":"wp","href":"https:\/\/api.w.org\/{rel}","templated":true}]}}